111200
Convert 21121120011012 (base 3) to base 8.
17336357
Convert -86494 (base 10) to base 6.
-1504234
What is 1216315 (base 8) in base 12?
141a91
What is -110113214 (base 5) in base 15?
-951de
15294 (base 15) to base 11
4717a
Convert 45626262 (base 7) to base 10.
3990261
Convert 111332221133 (base 4) to base 8.
25765137
What is -104710 (base 10) in base 12?
-5071a
Convert 152401340 (base 6) to base 9.
6023126
Convert 110001000000101101 (base 2) to base 4.
301000231
Convert 2000423013 (base 5) to base 10.
3920383
a8003 (base 14) to base 13
112b08
What is 2143754 (base 8) in base 2?
10001100011111101100
Convert 110101111101101111101 (base 2) to base 16.
1afb7d
-1315044 (base 6) to base 12
-35a84
What is 882a (base 16) in base 8?
104052
-16124 (base 13) to base 16
-a3d6
Convert -1022423243 (base 5) to base 3.
-11001110212021
1010010111110110110 (base 2) to base 3
122021020200
12323004 (base 5) to base 4
131120323
1051501 (base 6) to base 9
81381
What is 1001001100001010 (base 2) in base 16?
930a
What is -10032434 (base 5) in base 16?
-139f1
-1022111000021 (base 3) to base 7
-5636056
3a67537 (base 11) to base 6
410305521
100100111101000110011001 (base 2) to base 12
32b21b5
-1016484 (base 12) to base 10
-3017764
-10706132 (base 8) to base 6
-121533334
Convert 2632bc8 (base 14) to base 2.
1000110001110011001111100
Convert -122221000212 (base 3) to base 2.
-1010110001001011011
What is 1011101010000 (base 2) in base 6?
43344
What is -133732 (base 9) in base 13?
-2b145
Convert 43051603 (base 8) to base 15.
c19ce9
Convert 152a8e (base 16) to base 13.
3974cb
What is 11000010000000111111111 (base 2) in base 3?
102221222212002
31100401 (base 5) to base 15
5006b
Convert -11000110100011110100 (base 2) to base 12.
-3327b0
208d6 (base 15) to base 9
166563
-a923c (base 15) to base 7
-4364661
Convert -551330 (base 11) to base 3.
-1122201101112
-1450031 (base 8) to base 2
-1100101000000011001
What is 45a5 (base 12) in base 4?
1321031
What is -a6c0 (base 15) in base 8?
-104720
Convert 714731 (base 8) to base 11.
15133a
Convert 2668aa (base 11) to base 8.
1462316
What is 300ea (base 15) in base 2?
100101001000011111
What is -2121020111 (base 3) in base 16?
-c805
Convert 120113102 (base 4) to base 11.
68a82
What is 82176 (base 15) in base 7?
3334263
What is 4898227 (base 10) in base 3?
100012212002211
What is -21212202102202 (base 3) in base 10?
-4187693
267365 (base 8) to base 2
10110111011110101
Convert -1221581 (base 10) to base 9.
-2261622
What is 140350543 (base 6) in base 13?
780ab3
-29c9aa (base 13) to base 6
-34005404
Convert 174416 (base 10) to base 12.
84b28
Convert 742b2 (base 14) to base 10.
280436
-541521350 (base 6) to base 14
-13c0baa
What is 467374 (base 8) in base 4?
212323330
7dc6 (base 14) to base 5
1200210
Convert 12653214 (base 7) to base 16.
11e55a
What is -2131442331 (base 5) in base 10?
-4562216
4943696 (base 10) to base 12
17a4b28
Convert -212232 (base 9) to base 7.
-1034150
What is 141124 (base 5) in base 16?
169d
Convert 15491d (base 15) to base 9.
1836201
What is 12000120202 (base 4) in base 6?
53425014
Convert 141396 (base 12) to base 5.
41142200
Convert -5415720 (base 8) to base 14.
-29a05a
774c38 (base 13) to base 4
22231333301
Convert -1055263 (base 7) to base 6.
-2452504
Convert 21414032 (base 5) to base 12.
8b439
Convert -126664 (base 8) to base 13.
-17318
-1102213 (base 5) to base 15
-59a8
What is 2049c (base 13) in base 8?
161107
20220213220 (base 4) to base 8
10504750
19d805 (base 14) to base 3
1201210010012
ba4d7 (base 14) to base 10
450989
-11000110001111110110001 (base 2) to base 11
-3737746
244741 (base 10) to base 13
87523
10001222112201 (base 3) to base 10
1633357
b0652 (base 14) to base 2
1100111011110010000
12876a6 (base 12) to base 8
15761436
Convert 3a868 (base 12) to base 11.
55712
Convert -1bcd6 (base 14) to base 7.
-414256
Convert -220124 (base 6) to base 14.
-68ba
Convert 59682 (base 10) to base 6.
1140150
What is 20880 (base 12) in base 6?
525440
421332044 (base 6) to base 14
d95788
Convert 3012210233 (base 4) to base 7.
6625211
What is -feb4f (base 16) in base 14?
-1d22bd
What is 142050 (base 10) in base 5?
14021200
Convert -257864 (base 9) to base 11.
-a7816
Convert -11202423 (base 6) to base 11.
-214558
What is -11100212212 (base 3) in base 13?
-30167
-10001110100000001110 (base 2) to base 15
-b7e2e
Convert -2044155 (base 6) to base 15.
-1e6db
What is -101110110110010111111 (base 2) in base 4?
-11312302333
-40ba (base 14) to base 5
-324030
-3573bc (base 13) to base 12
-514645
Convert 1254003 (base 6) to base 8.
207663
What is -5a76b (base 16) in base 10?
-370539
425431 (base 7) to base 5
4331323
Convert -424412222 (base 5) to base 3.
-10101011211220
Convert -62a32 (base 11) to base 7.
-531334
What is -453016 (base 15) in base 8?
-14456643
What is 1812226 (base 10) in base 2?
110111010011100000010
-506435 (base 8) to base 13
-5b144
What is c7675 (base 15) in base 13?
191c15
-11012102102001 (base 3) to base 11
-1295342
Convert 230011442 (base 5) to base 6.
33442001
Convert -644c5 (base 13) to base 14.
-49d5d
Convert 164a19e (base 15) to base 16.
f6f0cb
Convert -b301b (base 13) to base 12.
-135782
Convert -1001001000111100 (base 2) to base 15.
-b15b
Convert 552523 (base 10) to base 12.
2278b7
304682 (base 11) to base 7
4105340
68843 (base 9) to base 10
45885
What is -3018548 (base 9) in base 13?
-4436b1
Convert 2c561 (base 14) to base 4.
123003221
What is -23b8 (base 12) in base 6?
-30352
Convert 145083 (base 13) to base 7.
4135620
Convert -1002220222001 (base 3) to base 13.
-178132
-34031 (base 13) to base 3
-11210122102
What is 32112301 (base 4) in base 16?
e5b1
Convert 94201 (base 10) to base 13.
33b53
Convert -287419 (base 16) to base 2.
-1010000111010000011001
6402663 (base 7) to base 12
314003
What is 43312011 (base 5) in base 7?
3066433
What is -1538256 (base 9) in base 15?
-11c879
What is -300303310 (base 5) in base 14?
-22a917
-102021200111 (base 3) to base 8
-661643
760c60 (base 13) to base 6
135231431
14013254 (base 6) to base 14
c2ac2
What is 313641 (base 10) in base 12?
131609
Convert -18569 (base 12) to base 14.
-cc5b
Convert -3352c (base 13) to base 15.
-1c907
Convert 8c0793 (base 14) to base 15.
641d25
What is -3233330010 (base 4) in base 10?
-982788
-20012210022 (base 3) to base 13
-438a1
-3011102300 (base 4) to base 9
-1461462
Convert -5645b (base 15) to base 3.
-111221100112
-412ba (base 12) to base 10
-85102
What is 36402664 (base 7) in base 3?
20002211222221
What is -5151433 (base 11) in base 15?
-be975c
What is 1111100010111100001 (base 2) in base 15?
a0e09
What is -1111100020102 (base 3) in base 7?
-6515012
-10011100101000111 (base 2) to base 11
-55289
What is -2102221011101 (base 3) in base 5?
-313011423
What is 153a27 (base 11) in base 2?
111010011110000000
Convert -11222012202001 (base 3) to base 4.
-22010330230
2333555 (base 8) to base 12
268611
Convert -866e (base 15) to base 10.
-28454
What is 533103 (base 7) in base 2?
10110100010011111
Convert 22210121020 (base 3) to base 12.
842a3
What is 121020111 (base 4) in base 12?
4b699
-d517 (base 16) to base 8
-152427
21322223123 (base 4) to base 5
1131142033
What is -4572 (base 13) in base 15?
-2d36
733653 (base 10) to base 2
10110011000111010101
-72812 (base 10) to base 6
-1321032
-222110210212 (base 3) to base 7
-4300142
1225300 (base 6) to base 8
200704
Convert -594b (base 16) to base 10.
-22859
-341c1b (base 14) to base 5
-423203012
-31202424 (base 5) to base 7
-2116101
121102112012 (base 3) to base 15
65c05
Convert -211212222112200 (base 3) to base 14.
-1888c01
-421453444 (base 6) to base 7
-116405425
1110011111001000101 (base 2) to base 6
14101353
What is -3537103 (base 8) in base 6?
-32413111
Convert 200120121200 (base 3) to base 14.
9739d
Convert -520505512 (base 6) to base 4.
-202110303110
Convert -45679d (base 15) to base 10.
-3312598
1114411 (base 13) to base 15
6d66b1
Convert 1a045a1 (base 12) to base 4.
110322121021
Convert 12112221002 (base 3) to base 11.
75132
-79a4a1 (base 11) to base 12
-51485b
Convert 16621 (base 9) to base 4.
2302300
Convert -10010111011001001 (base 2) to base 8.
-227311
-31250 (base 12) to base 5
-4024114
223234150 (base 6) to base 14
78296a
What is -866102 (base 9) in base 8?
-1760167
-9626c (base 